
{"id":20,"date":"2018-06-26T12:34:18","date_gmt":"2018-06-26T10:34:18","guid":{"rendered":"https:\/\/przedszkole122.edu.wroclaw.pl\/?page_id=20"},"modified":"2024-06-25T12:38:54","modified_gmt":"2024-06-25T10:38:54","slug":"kontakt","status":"publish","type":"page","link":"https:\/\/przedszkole122.edu.wroclaw.pl\/index.php\/kontakt\/","title":{"rendered":"Kontakt"},"content":{"rendered":"<div class=\"wpb-content-wrapper\"><p>[vc_row][vc_column width=&#8221;1\/2&#8243;][vc_raw_html css=&#8221;&#8221;]JTNDZGl2JTIwc3R5bGUlM0QlMjJ3aWR0aCUzQSUyMDEwMCUyNSUyMiUzRSUzQ2lmcmFtZSUyMHRpdGxlJTNEJTIyTWFwYSUyMHolMjBsb2thbGl6YWNqJUM0JTg1JTIwUHJ6ZWRzemtvbGElMjBuciUyMDEyMiUyMHdlJTIwV3JvYyVDNSU4MmF3aXUlMjIlMjB3aWR0aCUzRCUyMjEwMCUyNSUyMiUyMGhlaWdodCUzRCUyMjYwMCUyMiUyMGZyYW1lYm9yZGVyJTNEJTIyMCUyMiUyMHNjcm9sbGluZyUzRCUyMm5vJTIyJTIwbWFyZ2luaGVpZ2h0JTNEJTIyMCUyMiUyMG1hcmdpbndpZHRoJTNEJTIyMCUyMiUyMHNyYyUzRCUyMmh0dHBzJTNBJTJGJTJGbWFwcy5nb29nbGUuY29tJTJGbWFwcyUzRndpZHRoJTNEMTAwJTI1MjUlMjZhbXAlM0JoZWlnaHQlM0Q2MDAlMjZhbXAlM0JobCUzRGVuJTI2YW1wJTNCcSUzRHVsLiUyNTIwSyUyNUM1JTI1ODFPRE5JQ0tBJTI1MjAyMyUyNTIwNTQtMjE3JTI1MjBXcm9jJTI1QzUlMjU4MmF3JTJCJTI4UHJ6ZWRzemtvbGUlMjUyMG5yJTI1MjAxMjIlMjUyMHdlJTI1MjBXcm9jJTI1QzUlMjU4MmF3aXUlMjklMjZhbXAlM0J0JTNEJTI2YW1wJTNCeiUzRDE0JTI2YW1wJTNCaWUlM0RVVEY4JTI2YW1wJTNCaXdsb2MlM0RCJTI2YW1wJTNCb3V0cHV0JTNEZW1iZWQlMjIlM0UlM0NhJTIwaHJlZiUzRCUyMmh0dHBzJTNBJTJGJTJGd3d3Lmdwcy5pZSUyRiUyMiUzRWdwcyUyMHN5c3RlbXMlM0MlMkZhJTNFJTNDJTJGaWZyYW1lJTNFJTNDJTJGZGl2JTNF[\/vc_raw_html][\/vc_column][vc_column width=&#8221;1\/2&#8243;][vc_column_text css=&#8221;&#8221;]<\/p>\n<h2 style=\"text-align: left;\">Przedszkole nr 122<\/h2>\n<p>ul. K\u0141ODNICKA 23 54-217 Wroc\u0142aw<br \/>\n71 798 67 61<br \/>\nsekretariat.p122@wroclawskaedukacja.pl<br \/>\nwww.przedszkole122.edu.wroclaw.pl<\/p>\n<p>Numery Wewn\u0119trzne:<\/p>\n<p>wew. 101 &#8211; Dyrektor<\/p>\n<p>wew. 113 &#8211; Starszy Intendent[\/vc_column_text][vc_column_text css=&#8221;&#8221;]<\/p>\n<h2 style=\"text-align: left;\"><strong>KONTO PRZEDSZKOLA NR 122<\/strong><\/h2>\n<h2 style=\"text-align: left;\">WESO\u0141A GROMADKA<\/h2>\n<p style=\"text-align: left;\">94 1020 5226 0000 6902 0418 5435<\/p>\n<p>adres skrzynki EPUAP \/P122WROCLAW\/SkrytkaESP[\/vc_column_text][\/vc_column][\/vc_row]<\/p>\n<\/div>","protected":false},"excerpt":{"rendered":"<p>[vc_row][vc_column width=&#8221;1\/2&#8243;][vc_raw_html css=&#8221;&#8221;]JTNDZGl2JTIwc3R5bGUlM0QlMjJ3aWR0aCUzQSUyMDEwMCUyNSUyMiUzRSUzQ2lmcmFtZSUyMHRpdGxlJTNEJTIyTWFwYSUyMHolMjBsb2thbGl6YWNqJUM0JTg1JTIwUHJ6ZWRzemtvbGElMjBuciUyMDEyMiUyMHdlJTIwV3JvYyVDNSU4MmF3aXUlMjIlMjB3aWR0aCUzRCUyMjEwMCUyNSUyMiUyMGhlaWdodCUzRCUyMjYwMCUyMiUyMGZyYW1lYm9yZGVyJTNEJTIyMCUyMiUyMHNjcm9sbGluZyUzRCUyMm5vJTIyJTIwbWFyZ2luaGVpZ2h0JTNEJTIyMCUyMiUyMG1hcmdpbndpZHRoJTNEJTIyMCUyMiUyMHNyYyUzRCUyMmh0dHBzJTNBJTJGJTJGbWFwcy5nb29nbGUuY29tJTJGbWFwcyUzRndpZHRoJTNEMTAwJTI1MjUlMjZhbXAlM0JoZWlnaHQlM0Q2MDAlMjZhbXAlM0JobCUzRGVuJTI2YW1wJTNCcSUzRHVsLiUyNTIwSyUyNUM1JTI1ODFPRE5JQ0tBJTI1MjAyMyUyNTIwNTQtMjE3JTI1MjBXcm9jJTI1QzUlMjU4MmF3JTJCJTI4UHJ6ZWRzemtvbGUlMjUyMG5yJTI1MjAxMjIlMjUyMHdlJTI1MjBXcm9jJTI1QzUlMjU4MmF3aXUlMjklMjZhbXAlM0J0JTNEJTI2YW1wJTNCeiUzRDE0JTI2YW1wJTNCaWUlM0RVVEY4JTI2YW1wJTNCaXdsb2MlM0RCJTI2YW1wJTNCb3V0cHV0JTNEZW1iZWQlMjIlM0UlM0NhJTIwaHJlZiUzRCUyMmh0dHBzJTNBJTJGJTJGd3d3Lmdwcy5pZSUyRiUyMiUzRWdwcyUyMHN5c3RlbXMlM0MlMkZhJTNFJTNDJTJGaWZyYW1lJTNFJTNDJTJGZGl2JTNF[\/vc_raw_html][\/vc_column][vc_column width=&#8221;1\/2&#8243;][vc_column_text css=&#8221;&#8221;] Przedszkole nr 122 ul. K\u0141ODNICKA 23 54-217 Wroc\u0142aw 71 798 67 61 sekretariat.p122@wroclawskaedukacja.pl www.przedszkole122.edu.wroclaw.pl Numery Wewn\u0119trzne: wew. 101 &#8211; Dyrektor wew. 113 &#8211; Starszy Intendent[\/vc_column_text][vc_column_text [&hellip;]<\/p>\n","protected":false},"author":15,"featured_media":0,"parent":0,"menu_order":0,"comment_status":"closed","ping_status":"closed","template":"","meta":{"ngg_post_thumbnail":0,"footnotes":""},"class_list":["post-20","page","type-page","status-publish","hentry","clearfix"],"_links":{"self":[{"href":"https:\/\/przedszkole122.edu.wroclaw.pl\/index.php\/wp-json\/wp\/v2\/pages\/20","targetHints":{"allow":["GET"]}}],"collection":[{"href":"https:\/\/przedszkole122.edu.wroclaw.pl\/index.php\/wp-json\/wp\/v2\/pages"}],"about":[{"href":"https:\/\/przedszkole122.edu.wroclaw.pl\/index.php\/wp-json\/wp\/v2\/types\/page"}],"author":[{"embeddable":true,"href":"https:\/\/przedszkole122.edu.wroclaw.pl\/index.php\/wp-json\/wp\/v2\/users\/15"}],"replies":[{"embeddable":true,"href":"https:\/\/przedszkole122.edu.wroclaw.pl\/index.php\/wp-json\/wp\/v2\/comments?post=20"}],"version-history":[{"count":36,"href":"https:\/\/przedszkole122.edu.wroclaw.pl\/index.php\/wp-json\/wp\/v2\/pages\/20\/revisions"}],"predecessor-version":[{"id":2059,"href":"https:\/\/przedszkole122.edu.wroclaw.pl\/index.php\/wp-json\/wp\/v2\/pages\/20\/revisions\/2059"}],"wp:attachment":[{"href":"https:\/\/przedszkole122.edu.wroclaw.pl\/index.php\/wp-json\/wp\/v2\/media?parent=20"}],"curies":[{"name":"wp","href":"https:\/\/api.w.org\/{rel}","templated":true}]}}