
{"id":56,"date":"2018-07-09T15:11:12","date_gmt":"2018-07-09T13:11:12","guid":{"rendered":"https:\/\/przedszkole122.edu.wroclaw.pl\/?page_id=56"},"modified":"2024-06-20T13:06:09","modified_gmt":"2024-06-20T11:06:09","slug":"rodo","status":"publish","type":"page","link":"https:\/\/przedszkole122.edu.wroclaw.pl\/index.php\/strefa-rodzica\/dokumenty\/rodo\/","title":{"rendered":"RODO"},"content":{"rendered":"<div class=\"wpb-content-wrapper\"><p>[vc_row][vc_column][vc_column_text]<\/p>\n<h2>Dokumenty do pobrania<\/h2>\n<p><a href=\"https:\/\/przedszkole122.edu.wroclaw.pl\/wp-content\/uploads\/sites\/38\/2023\/04\/Zal.-7.-Klauzula-zlozenie-pisma-w-placowce.docx\">Za\u0142. 7. Klauzula &#8211; z\u0142o\u017cenie pisma w plac\u00f3wce [DOCX, 39KB]<\/a>  <\/p>\n<p><a href=\"https:\/\/przedszkole122.edu.wroclaw.pl\/wp-content\/uploads\/sites\/38\/2023\/04\/Zal.-7b.-Klauzula-postepowanie-administracyjne.docx\">Za\u0142. 7b. Klauzula post\u0119powanie administracyjne [DOCX, 38KB]<\/a>     <\/p>\n<p><a href=\"https:\/\/przedszkole122.edu.wroclaw.pl\/wp-content\/uploads\/sites\/38\/2023\/04\/Zal.-7c.-Klauzula-korespondencja-elektroniczna.docx\">Za\u0142. 7c. Klauzula &#8211; korespondencja elektroniczna [DOCX, 39KB]<\/a> <\/p>\n<p><a href=\"https:\/\/przedszkole122.edu.wroclaw.pl\/wp-content\/uploads\/sites\/38\/2023\/04\/Zal.-7e.-Klauzula-strona-www.docx\">Za\u0142. 7e. Klauzula &#8211; strona www [DOCX, 38KB]<\/a> <\/p>\n<p><a href=\"https:\/\/przedszkole122.edu.wroclaw.pl\/wp-content\/uploads\/sites\/38\/2023\/04\/Zal.-7f.-Klauzula-umowa.docx\">Za\u0142. 7f. Klauzula &#8211; umowa [DOCX, 37KB]<\/a>  <\/p>\n<p><a href=\"https:\/\/przedszkole122.edu.wroclaw.pl\/wp-content\/uploads\/sites\/38\/2023\/04\/Zal.-7g.-Klauzula-zamowienia-publiczne.docx\">Za\u0142. 7g. Klauzula &#8211; zam\u00f3wienia publiczne [DOCX, 38KB]<\/a> <\/p>\n<p><a href=\"https:\/\/przedszkole122.edu.wroclaw.pl\/wp-content\/uploads\/sites\/38\/2023\/04\/Zal.-7k.-Klauzula-rekrutacja-pracownika.docx\">Za\u0142. 7k. Klauzula &#8211; rekrutacja pracownika [DOCX, 39KB]<\/a>   <\/p>\n<p><a href=\"https:\/\/przedszkole122.edu.wroclaw.pl\/wp-content\/uploads\/sites\/38\/2023\/04\/Zal.-7l.-Klauzula-pracownik-nauczyciel.docx\">Za\u0142. 7l. Klauzula &#8211; pracownik &#8211; nauczyciel [DOCX, 40KB]<\/a>  <\/p>\n<p><a href=\"https:\/\/przedszkole122.edu.wroclaw.pl\/wp-content\/uploads\/sites\/38\/2023\/04\/Zal.-7m.-Klauzula-pracownik-samorzadowy.docx\">Za\u0142. 7m. Klauzula &#8211; pracownik samorz\u0105dowy [DOCX, 39KB]<\/a> <\/p>\n<p><a href=\"https:\/\/przedszkole122.edu.wroclaw.pl\/wp-content\/uploads\/sites\/38\/2023\/04\/Zal.-7n.-Klauzula-edukacja-dziecka-w-placowce.docx\">Za\u0142. 7n. Klauzula &#8211; edukacja dziecka w plac\u00f3wce [DOCX, 40KB]<\/a>  <\/p>\n<p><a href=\"https:\/\/przedszkole122.edu.wroclaw.pl\/wp-content\/uploads\/sites\/38\/2023\/04\/Zal.-7r.-Klauzula-przyjecie-dziecka-w-ramach-dyzuru-wakacyjnego.docx\">Za\u0142. 7r. Klauzula &#8211; przyj\u0119cie dziecka w ramach dy\u017curu wakacyjnego [DOCX, 34KB]<\/a>  <\/p>\n<p><a href=\"https:\/\/przedszkole122.edu.wroclaw.pl\/wp-content\/uploads\/sites\/38\/2023\/04\/Zal.-7s-Klauzula-praca-spolecznie-uzyteczna.docx\">Za\u0142. 7s Klauzula &#8211; praca spo\u0142ecznie u\u017cyteczna [DOCX, 37KB]<\/a>  <\/p>\n<p><a href=\"https:\/\/przedszkole122.edu.wroclaw.pl\/wp-content\/uploads\/sites\/38\/2023\/04\/Zal.-7x.-Klauzula-dla-osob-upowaznionych-do-odbioru-dziecka-z-przedszkola.docx\">Za\u0142. 7x. Klauzula &#8211; dla os\u00f3b upowa\u017cnionych do odbioru dziecka z przedszkola [DOCX, 38KB]<\/a>[\/vc_column_text][\/vc_column][\/vc_row]<\/p>\n<\/div>","protected":false},"excerpt":{"rendered":"<p>[vc_row][vc_column][vc_column_text] Dokumenty do pobrania Za\u0142. 7. Klauzula &#8211; z\u0142o\u017cenie pisma w plac\u00f3wce [DOCX, 39KB] Za\u0142. 7b. Klauzula post\u0119powanie administracyjne [DOCX, 38KB] Za\u0142. 7c. Klauzula &#8211; korespondencja elektroniczna [DOCX, 39KB] Za\u0142. [&hellip;]<\/p>\n","protected":false},"author":72,"featured_media":1260,"parent":46,"menu_order":0,"comment_status":"closed","ping_status":"closed","template":"","meta":{"ngg_post_thumbnail":0,"footnotes":""},"class_list":["post-56","page","type-page","status-publish","has-post-thumbnail","hentry","clearfix"],"_links":{"self":[{"href":"https:\/\/przedszkole122.edu.wroclaw.pl\/index.php\/wp-json\/wp\/v2\/pages\/56","targetHints":{"allow":["GET"]}}],"collection":[{"href":"https:\/\/przedszkole122.edu.wroclaw.pl\/index.php\/wp-json\/wp\/v2\/pages"}],"about":[{"href":"https:\/\/przedszkole122.edu.wroclaw.pl\/index.php\/wp-json\/wp\/v2\/types\/page"}],"author":[{"embeddable":true,"href":"https:\/\/przedszkole122.edu.wroclaw.pl\/index.php\/wp-json\/wp\/v2\/users\/72"}],"replies":[{"embeddable":true,"href":"https:\/\/przedszkole122.edu.wroclaw.pl\/index.php\/wp-json\/wp\/v2\/comments?post=56"}],"version-history":[{"count":16,"href":"https:\/\/przedszkole122.edu.wroclaw.pl\/index.php\/wp-json\/wp\/v2\/pages\/56\/revisions"}],"predecessor-version":[{"id":2027,"href":"https:\/\/przedszkole122.edu.wroclaw.pl\/index.php\/wp-json\/wp\/v2\/pages\/56\/revisions\/2027"}],"up":[{"embeddable":true,"href":"https:\/\/przedszkole122.edu.wroclaw.pl\/index.php\/wp-json\/wp\/v2\/pages\/46"}],"wp:featuredmedia":[{"embeddable":true,"href":"https:\/\/przedszkole122.edu.wroclaw.pl\/index.php\/wp-json\/wp\/v2\/media\/1260"}],"wp:attachment":[{"href":"https:\/\/przedszkole122.edu.wroclaw.pl\/index.php\/wp-json\/wp\/v2\/media?parent=56"}],"curies":[{"name":"wp","href":"https:\/\/api.w.org\/{rel}","templated":true}]}}